{"id":8814,"date":"2019-03-21T12:55:03","date_gmt":"2019-03-21T11:55:03","guid":{"rendered":"http:\/\/lifeseposso.eu\/?page_id=8814"},"modified":"2025-01-31T18:27:22","modified_gmt":"2025-01-31T17:27:22","slug":"risultati-attesi-2","status":"publish","type":"page","link":"https:\/\/lifeseposso.eu\/?page_id=8814","title":{"rendered":"Accedi al Kit Didattico SEPOSSO"},"content":{"rendered":"<p>Da questa pagina \u00e8 possibile scaricare il <strong>Kit didattico del progetto LIFE SEPOSSO<\/strong> e il materiale necessario per svolgere le attivit\u00e0 illustrate nei diversi moduli.<\/p>\n<p>Cos&#8217;\u00e8 il Kit Didattico SEPOSSO?<\/p>\n<table style=\"margin-left: 50px; border: none;\">\n<tbody>\n<tr style=\"border: none;\">\n<td style=\"border: none;\"><img data-recalc-dims=\"1\" loading=\"lazy\" decoding=\"async\" data-attachment-id=\"9324\" data-permalink=\"https:\/\/lifeseposso.eu\/?attachment_id=9324\" data-orig-file=\"https:\/\/i0.wp.com\/lifeseposso.eu\/wp-content\/uploads\/pagina_1_kit.png?fit=497%2C703&amp;ssl=1\" data-orig-size=\"497,703\" data-comments-opened=\"0\" data-image-meta=\"{&quot;aperture&quot;:&quot;0&quot;,&quot;credit&quot;:&quot;&quot;,&quot;camera&quot;:&quot;&quot;,&quot;caption&quot;:&quot;&quot;,&quot;created_timestamp&quot;:&quot;0&quot;,&quot;copyright&quot;:&quot;&quot;,&quot;focal_length&quot;:&quot;0&quot;,&quot;iso&quot;:&quot;0&quot;,&quot;shutter_speed&quot;:&quot;0&quot;,&quot;title&quot;:&quot;&quot;,&quot;orientation&quot;:&quot;0&quot;}\" data-image-title=\"pagina_1_kit\" data-image-description=\"\" data-image-caption=\"\" data-large-file=\"https:\/\/i0.wp.com\/lifeseposso.eu\/wp-content\/uploads\/pagina_1_kit.png?fit=497%2C703&amp;ssl=1\" class=\"size-medium wp-image-9324 aligncenter\" src=\"https:\/\/i0.wp.com\/lifeseposso.eu\/wp-content\/uploads\/pagina_1_kit.png?resize=212%2C300&#038;ssl=1\" alt=\"\" width=\"212\" height=\"300\" srcset=\"https:\/\/i0.wp.com\/lifeseposso.eu\/wp-content\/uploads\/pagina_1_kit.png?resize=212%2C300&amp;ssl=1 212w, https:\/\/i0.wp.com\/lifeseposso.eu\/wp-content\/uploads\/pagina_1_kit.png?resize=17%2C24&amp;ssl=1 17w, https:\/\/i0.wp.com\/lifeseposso.eu\/wp-content\/uploads\/pagina_1_kit.png?resize=25%2C36&amp;ssl=1 25w, https:\/\/i0.wp.com\/lifeseposso.eu\/wp-content\/uploads\/pagina_1_kit.png?resize=34%2C48&amp;ssl=1 34w, https:\/\/i0.wp.com\/lifeseposso.eu\/wp-content\/uploads\/pagina_1_kit.png?w=497&amp;ssl=1 497w\" sizes=\"auto, (max-width: 212px) 100vw, 212px\" \/><\/td>\n<td style=\"border: none;\"><\/td>\n<td style=\"border: none;\"><img data-recalc-dims=\"1\" loading=\"lazy\" decoding=\"async\" data-attachment-id=\"9325\" data-permalink=\"https:\/\/lifeseposso.eu\/?attachment_id=9325\" data-orig-file=\"https:\/\/i0.wp.com\/lifeseposso.eu\/wp-content\/uploads\/pagina_2_kit.png?fit=497%2C703&amp;ssl=1\" data-orig-size=\"497,703\" data-comments-opened=\"0\" data-image-meta=\"{&quot;aperture&quot;:&quot;0&quot;,&quot;credit&quot;:&quot;&quot;,&quot;camera&quot;:&quot;&quot;,&quot;caption&quot;:&quot;&quot;,&quot;created_timestamp&quot;:&quot;0&quot;,&quot;copyright&quot;:&quot;&quot;,&quot;focal_length&quot;:&quot;0&quot;,&quot;iso&quot;:&quot;0&quot;,&quot;shutter_speed&quot;:&quot;0&quot;,&quot;title&quot;:&quot;&quot;,&quot;orientation&quot;:&quot;0&quot;}\" data-image-title=\"pagina_2_kit\" data-image-description=\"\" data-image-caption=\"\" data-large-file=\"https:\/\/i0.wp.com\/lifeseposso.eu\/wp-content\/uploads\/pagina_2_kit.png?fit=497%2C703&amp;ssl=1\" class=\"size-medium wp-image-9325 aligncenter\" src=\"https:\/\/i0.wp.com\/lifeseposso.eu\/wp-content\/uploads\/pagina_2_kit.png?resize=212%2C300&#038;ssl=1\" alt=\"\" width=\"212\" height=\"300\" srcset=\"https:\/\/i0.wp.com\/lifeseposso.eu\/wp-content\/uploads\/pagina_2_kit.png?resize=212%2C300&amp;ssl=1 212w, https:\/\/i0.wp.com\/lifeseposso.eu\/wp-content\/uploads\/pagina_2_kit.png?resize=17%2C24&amp;ssl=1 17w, https:\/\/i0.wp.com\/lifeseposso.eu\/wp-content\/uploads\/pagina_2_kit.png?resize=25%2C36&amp;ssl=1 25w, https:\/\/i0.wp.com\/lifeseposso.eu\/wp-content\/uploads\/pagina_2_kit.png?resize=34%2C48&amp;ssl=1 34w, https:\/\/i0.wp.com\/lifeseposso.eu\/wp-content\/uploads\/pagina_2_kit.png?w=497&amp;ssl=1 497w\" sizes=\"auto, (max-width: 212px) 100vw, 212px\" \/><\/td>\n<\/tr>\n<\/tbody>\n<\/table>\n<p>&nbsp;<\/p>\n<p>Il Kit \u00e8 uno strumento didattico <strong>per gli studenti delle scuole primarie e secondarie di 1\u00b0 grado<\/strong>, ideato per far conoscere ai ragazzi le praterie di <em>Posidonia oceanica<\/em>, un habitat esclusivo del Mediterraneo, estremamente prezioso ma, purtroppo, a rischio. Attraverso i giochi e le informazioni fornite, il Kit ha l&#8217;obiettivo di far intraprendere ai giovani cittadini del futuro un cammino di consapevolezza che inizia oggi e che, anche grazie a loro, render\u00e0 migliore il futuro del nostro mare.<\/p>\n<p>&nbsp;<\/p>\n<p>Esclusivamente ai fini statistici e per migliorare la qualit\u00e0 del servizio si richiede la compilazione delle seguenti voci prima di scaricare il kit.<\/p>\n<hr style=\"border: 0; height: 0; border-top: 1px solid rgba(0, 0, 0, 0.1); border-bottom: 1px solid rgba(255, 255, 255, 0.3);\" \/>\n","protected":false},"excerpt":{"rendered":"<p>Da questa pagina \u00e8 possibile scaricare il Kit didattico del progetto LIFE SEPOSSO e il materiale necessario per svolgere le attivit\u00e0 illustrate nei diversi moduli. Cos&#8217;\u00e8 il Kit Didattico SEPOSSO?<\/p>\n","protected":false},"author":5,"featured_media":0,"parent":0,"menu_order":0,"comment_status":"closed","ping_status":"closed","template":"","meta":{"jetpack_post_was_ever_published":false,"footnotes":""},"class_list":["post-8814","page","type-page","status-publish","hentry"],"jetpack_sharing_enabled":true,"jetpack_shortlink":"https:\/\/wp.me\/P9BUJq-2ia","jetpack-related-posts":[{"id":8844,"url":"https:\/\/lifeseposso.eu\/?page_id=8844","url_meta":{"origin":8814,"position":0},"title":"KIT DIDATTICO SEPOSSO","author":"lifeFB","date":"29 Marzo 2019","format":false,"excerpt":"Da questa pagina \u00e8 possibile scaricare il Kit didattico del progetto LIFE SEPOSSO e il materiale necessario per svolgere le attivit\u00e0 illustrate nei diversi moduli. Cos'\u00e8 il Kit Didattico SEPOSSO? Il Kit \u00e8 uno strumento didattico per gli studenti delle scuole primarie e secondarie di 1\u00b0 grado, ideato per far\u2026","rel":"","context":"Articolo simile","block_context":{"text":"Articolo simile","link":""},"img":{"alt_text":"","src":"https:\/\/i0.wp.com\/lifeseposso.eu\/wp-content\/uploads\/pagina_1_kit-212x300.png?resize=350%2C200","width":350,"height":200},"classes":[]},{"id":3615,"url":"https:\/\/lifeseposso.eu\/","url_meta":{"origin":8814,"position":1},"title":"Home","author":"life","date":"14 Maggio 2014","format":false,"excerpt":"[vc_row][\/vc_row][vc_row][vc_column][vc_column_text] Il progetto Life SEPOSSO [\/vc_column_text][vc_column_text]Il progetto Life SEPOSSO (LIFE16 GIE\/IT\/000761), Supporting Environmental governance for the POSidonia oceanica Sustainable transplanting Operations, LIFE16 GIE\/IT\/000761, realizzato con il contributo della Commissione Europea, ha l\u2019obiettivo di migliorare la Governance italiana dei trapianti di Posidonia oceanica, habitat marino prioritario 1120* sensu Direttiva Habitat (1992\/43\/EEC),\u2026","rel":"","context":"Articolo simile","block_context":{"text":"Articolo simile","link":""},"img":{"alt_text":"","src":"https:\/\/i0.wp.com\/lifeseposso.eu\/wp-content\/uploads\/COMPOSIZIONE_LANCIO_small2-300x225.png?resize=350%2C200","width":350,"height":200},"classes":[]},{"id":10627,"url":"https:\/\/lifeseposso.eu\/?page_id=10627","url_meta":{"origin":8814,"position":2},"title":"Azione B.4: Trasferibilit\u00e0 e Replicabilit\u00e0 in Paesi mediterranei","author":"lifeFB","date":"30 Marzo 2021","format":false,"excerpt":"Per garantire la Trasferibilit\u00e0 e la Replicabilit\u00e0 delle soluzioni e dei prodotti maturati nel corso del progetto, Life SEPOSSO ha intrapreso una serie di incontri e di attivit\u00e0 di Networking con i principali attori a livello europeo coinvolti nella gestione e nella Governance delle praterie di Posidonia oceanica. 15-17 settembre\u2026","rel":"","context":"Articolo simile","block_context":{"text":"Articolo simile","link":""},"img":{"alt_text":"","src":"","width":0,"height":0},"classes":[]},{"id":7325,"url":"https:\/\/lifeseposso.eu\/?page_id=7325","url_meta":{"origin":8814,"position":3},"title":"Networking","author":"lifeFB","date":"18 Marzo 2018","format":false,"excerpt":"Nell'ambito del progetto SEPOSSO viene promosso lo scambio di informazioni, di esperienze e di buone pratiche riguardanti la protezione e il ripristino delle praterie di Posidonia oceanica attraverso una specifica azione di networking tra i diversi attori coinvolti (Stakeholder & Target Audience) e i diversi progetti nazionali ed europei inerenti\u2026","rel":"","context":"Articolo simile","block_context":{"text":"Articolo simile","link":""},"img":{"alt_text":"","src":"https:\/\/i0.wp.com\/lifeseposso.eu\/wp-content\/uploads\/Deliverable_D.2_minutes.png?resize=350%2C200","width":350,"height":200},"classes":[]},{"id":11413,"url":"https:\/\/lifeseposso.eu\/?page_id=11413","url_meta":{"origin":8814,"position":4},"title":"Azione A.3\/B.2 &#8211; La casistica dei trapianti in Italia","author":"lifeFB","date":"1 Aprile 2022","format":false,"excerpt":"Nell\u2019ambito dell\u2019azione A3, \u201cPosidonia oceanica transplanting: case studies analysis\u201d, la cui finalit\u00e0 \u00e8 stata la condivisione delle informazioni di tipo tecnico-scientifico relative ai trapianti di Posidonia oceanica, durante il primo anno di Progetto sono stati analizzati i quattro siti principali di trapianto in Toscana (Piombino), Lazio (Civitavecchia-S. Marinella), Campania (Ischia)\u2026","rel":"","context":"Articolo simile","block_context":{"text":"Articolo simile","link":""},"img":{"alt_text":"","src":"https:\/\/i0.wp.com\/lifeseposso.eu\/wp-content\/uploads\/DELIVERABLE_A.3_case_studies_analysis.png?resize=350%2C200","width":350,"height":200},"classes":[]},{"id":7524,"url":"https:\/\/lifeseposso.eu\/?page_id=7524","url_meta":{"origin":8814,"position":5},"title":"Azione A.2: Piano di comunicazione","author":"lifeFB","date":"30 Marzo 2018","format":false,"excerpt":"Il Piano di Comunicazione ha l\u2019obiettivo di predisporre il quadro generale per una efficiente e funzionale gestione delle attivit\u00e0 di comunicazioni che saranno realizzate per promuovere il progetto. Il piano di comunicazione \u00e8 lo strumento che definisce l\u2019immagine coordinata del progetto, le azioni, le strategie e gli strumenti, nonch\u00e9 le\u2026","rel":"","context":"Articolo simile","block_context":{"text":"Articolo simile","link":""},"img":{"alt_text":"","src":"https:\/\/i0.wp.com\/lifeseposso.eu\/wp-content\/uploads\/piano_comunicazione-150x150.jpg?resize=350%2C200","width":350,"height":200},"classes":[]}],"rttpg_featured_image_url":null,"rttpg_author":{"display_name":"lifeFB","author_link":"https:\/\/lifeseposso.eu\/?author=5"},"rttpg_comment":0,"rttpg_category":null,"rttpg_excerpt":"Da questa pagina \u00e8 possibile scaricare il Kit didattico del progetto LIFE SEPOSSO e il materiale necessario per svolgere le attivit\u00e0 illustrate nei diversi moduli. Cos&#8217;\u00e8 il Kit Didattico SEPOSSO?","_links":{"self":[{"href":"https:\/\/lifeseposso.eu\/index.php?rest_route=\/wp\/v2\/pages\/8814","targetHints":{"allow":["GET"]}}],"collection":[{"href":"https:\/\/lifeseposso.eu\/index.php?rest_route=\/wp\/v2\/pages"}],"about":[{"href":"https:\/\/lifeseposso.eu\/index.php?rest_route=\/wp\/v2\/types\/page"}],"author":[{"embeddable":true,"href":"https:\/\/lifeseposso.eu\/index.php?rest_route=\/wp\/v2\/users\/5"}],"replies":[{"embeddable":true,"href":"https:\/\/lifeseposso.eu\/index.php?rest_route=%2Fwp%2Fv2%2Fcomments&post=8814"}],"version-history":[{"count":17,"href":"https:\/\/lifeseposso.eu\/index.php?rest_route=\/wp\/v2\/pages\/8814\/revisions"}],"predecessor-version":[{"id":11870,"href":"https:\/\/lifeseposso.eu\/index.php?rest_route=\/wp\/v2\/pages\/8814\/revisions\/11870"}],"wp:attachment":[{"href":"https:\/\/lifeseposso.eu\/index.php?rest_route=%2Fwp%2Fv2%2Fmedia&parent=8814"}],"curies":[{"name":"wp","href":"https:\/\/api.w.org\/{rel}","templated":true}]}}