{"id":7108,"date":"2018-03-15T17:31:17","date_gmt":"2018-03-15T16:31:17","guid":{"rendered":"http:\/\/lifeseposso.eu\/?page_id=7108"},"modified":"2023-01-20T12:39:27","modified_gmt":"2023-01-20T11:39:27","slug":"cambiamo-lapproccio-di-governance-per-le-ricerche-future","status":"publish","type":"page","link":"https:\/\/lifeseposso.eu\/?page_id=7108","title":{"rendered":"Cambiamo l\u2019approccio di governance per le ricerche future"},"content":{"rendered":"<p><img data-recalc-dims=\"1\" loading=\"lazy\" decoding=\"async\" data-attachment-id=\"7307\" data-permalink=\"https:\/\/lifeseposso.eu\/?attachment_id=7307\" data-orig-file=\"https:\/\/i0.wp.com\/lifeseposso.eu\/wp-content\/uploads\/Monitoraggio_sub.jpg?fit=3968%2C2976&amp;ssl=1\" data-orig-size=\"3968,2976\" data-comments-opened=\"0\" data-image-meta=\"{&quot;aperture&quot;:&quot;2&quot;,&quot;credit&quot;:&quot;&quot;,&quot;camera&quot;:&quot;TG-1&quot;,&quot;caption&quot;:&quot;&quot;,&quot;created_timestamp&quot;:&quot;1521462361&quot;,&quot;copyright&quot;:&quot;&quot;,&quot;focal_length&quot;:&quot;4.5&quot;,&quot;iso&quot;:&quot;200&quot;,&quot;shutter_speed&quot;:&quot;0.025&quot;,&quot;title&quot;:&quot;&quot;,&quot;orientation&quot;:&quot;1&quot;}\" data-image-title=\"Monitoraggio_sub\" data-image-description=\"\" data-image-caption=\"\" data-large-file=\"https:\/\/i0.wp.com\/lifeseposso.eu\/wp-content\/uploads\/Monitoraggio_sub.jpg?fit=848%2C636&amp;ssl=1\" class=\"size-medium wp-image-7307 alignright\" src=\"https:\/\/i0.wp.com\/lifeseposso.eu\/wp-content\/uploads\/Monitoraggio_sub.jpg?resize=300%2C225&#038;ssl=1\" alt=\"\" width=\"300\" height=\"225\" srcset=\"https:\/\/i0.wp.com\/lifeseposso.eu\/wp-content\/uploads\/Monitoraggio_sub.jpg?resize=300%2C225&amp;ssl=1 300w, https:\/\/i0.wp.com\/lifeseposso.eu\/wp-content\/uploads\/Monitoraggio_sub.jpg?resize=768%2C576&amp;ssl=1 768w, https:\/\/i0.wp.com\/lifeseposso.eu\/wp-content\/uploads\/Monitoraggio_sub.jpg?resize=1024%2C768&amp;ssl=1 1024w, https:\/\/i0.wp.com\/lifeseposso.eu\/wp-content\/uploads\/Monitoraggio_sub.jpg?resize=24%2C18&amp;ssl=1 24w, https:\/\/i0.wp.com\/lifeseposso.eu\/wp-content\/uploads\/Monitoraggio_sub.jpg?resize=36%2C27&amp;ssl=1 36w, https:\/\/i0.wp.com\/lifeseposso.eu\/wp-content\/uploads\/Monitoraggio_sub.jpg?resize=48%2C36&amp;ssl=1 48w, https:\/\/i0.wp.com\/lifeseposso.eu\/wp-content\/uploads\/Monitoraggio_sub.jpg?w=1696&amp;ssl=1 1696w, https:\/\/i0.wp.com\/lifeseposso.eu\/wp-content\/uploads\/Monitoraggio_sub.jpg?w=2544&amp;ssl=1 2544w\" sizes=\"auto, (max-width: 300px) 100vw, 300px\" \/>In Italia la maggior parte delle attivit\u00e0 di trapianto di <em>Posidonia oceanica<\/em> sono indicate, nell\u2019ambito della VIA, come misura di compensazione di danni causati alle praterie da opere e infrastrutture costiere. Il monitoraggio finalizzato a verificare l\u2019efficacia delle misure di compensazione nel tempo, non sempre viene inserito negli Studi di Impatto Ambientale (SIA) e\/o nelle prescrizioni delle Valutazioni d\u2019Impatto Ambientale (VIA) e, \u00a0nei pochi casi in cui compare, viene previsto per brevi periodi, raramente per non pi\u00f9 di cinque anni.<\/p>\n<p>Ci\u00f2 che ne consegue \u00e8 che i risultati di simili monitoraggi forniscono informazioni parziali sull\u2019efficacia dei trapianti effettuati. Ad esempio, possono mostrare l\u2019andamento della dinamica di crescita delle praterie trapiantate solamente a breve termine, sebbene sia noto che la crescita delle praterie di Posidonia sia molto lenta e si apprezzi realmente solo a lungo termine.<\/p>\n<p>Pertanto, in considerazione delle finalit\u00e0 a lungo termine che caratterizzano le misure di compensazione, \u00a0come ad esempio previsto della Direttiva Habitat (92\/43\/CEE), \u00e8 necessaria la previsione di un monitoraggio di attuazione delle stesse misure sia ante che post operam, al fine di verificare costantemente il raggiungimento degli obiettivi prefissati da tali misure. Inoltre, la recente direttiva concernente la VIA (EIA 2014\/52\/UE) introduce importanti novit\u00e0 in merito al ruolo, all\u2019efficacia e all\u2019efficienza del monitoraggio ambientale nell\u2019ambito VIA, definendo specifiche attivit\u00e0 finalizzate alla verifica dei risultati attesi dall\u2019intero processo di VIA, evitando che si riduca ad una mera procedura amministrativa e ad un esercizio formale.<\/p>\n<h3>Azione B.2: Il monitoraggio della performance dei trapianti di <i>Posidonia oceanica<\/i> esistenti<\/h3>\n<p>Nell&#8217;ambito di questa azione sono stati raccolti nuovi e ulteriori dati utili a valutare la performance dei trapianti di <em>P. oceanica<\/em> esistenti in Italia e a definire specifici protocolli di monitoraggio per valutarne l&#8217;efficacia. Inoltre, l&#8217;analisi della performance dei trapianti esistenti costituir\u00e0 la base delle future ricerche sulla dinamica di crescita delle praterie di Posidonia trapiantate.<\/p>\n<p>Le attivit\u00e0 si sono svolte attraverso due campagne di attivit\u00e0 subacquea (primavera-estate 2018 e 2019) in tre siti in cui sono stati effettuati trapianti di Posidonia a seguito di diversi impatti antropici, Piombino (Toscana), Ischia (Campania) e Civitavecchia (Lazio), e nel sito di Augusta (Sicilia), in cui \u00e8 stato effettuato un trapianto con la finalit\u00e0 di recuperare l&#8217;habitat a Posidonia preesistente.<\/p>\n<p><strong><a href=\"https:\/\/lifeseposso.eu\/?page_id=9052\">Civitavecchia &#8211; Santa Marinella (Lazio)<\/a><\/strong><\/p>\n<p><strong><a href=\"https:\/\/lifeseposso.eu\/?page_id=9168\">Augusta &#8211; Priolo Gargallo (Sicilia)<\/a><\/strong><\/p>\n<p><strong><a href=\"https:\/\/lifeseposso.eu\/?page_id=9180\">Ischia (Campania)<\/a><\/strong><\/p>\n<p><strong><a href=\"https:\/\/lifeseposso.eu\/?page_id=9184\">Piombino (Toscana)<\/a><\/strong><\/p>\n<p>In questi siti sono state utilizzate diverse tecniche di trapianto selezionate in base alla tipologia di substrato (sabbia o matte) su cui operare e all&#8217;estensione del trapianto da eseguire (da 1000 m<sup>2<\/sup> a 10000 m<sup>2<\/sup>). I trapianti, inoltre, sono stati realizzati in anni diversi e diversi sono stati i piani di monitoraggio (ad esempio durata, frequenza, parametri indagati) eseguiti per valutarne l&#8217;efficacia.<\/p>\n<p>In ogni sito sono state realizzate le attivit\u00e0 di monitoraggio in modo tale che ogni partner del progetto potesse partecipare attivamente, condividendone la pianificazione, la raccolta dei dati e i risultati ottenuti.<\/p>\n<p>Ogni monitoraggio \u00e8 stato realizzato con modalit\u00e0 non distruttiva e pianificato in base all&#8217;et\u00e0 del trapianto. Per tutti i trapianti \u00e8 stata effettuata la conta dei fasci, valutata la loro sopravvivenza e il loro stato di ricolonizzazione. Sono stati raccolti in situ dati sui principali parametri fenologici (ad esempio, la lunghezza della foglia adulta pi\u00f9 lunga), dati ecologici (ad esempio, stima di ricoprimento della comunit\u00e0 epifita). Questi dati sono stati confrontati (ove possibile) con quelli ottenuti da praterie naturali circostanti. Inoltre, sono state realizzate foto e video per registrare il pi\u00f9 fedelmente possibile lo stato generale del trapianto.<\/p>\n<p>Oltre a questi siti sono stati presi in considerazione anche ulteriori siti in cui sono state realizzate attivit\u00e0 di trapianto sia come misura di compensazione sia come attivit\u00e0 di recupero ambientale.<\/p>\n<p><a href=\"https:\/\/lifeseposso.eu\/?page_id=11413\"><span style=\"text-decoration: underline;\"><strong>La casistica dei trapianti in Italia<\/strong><\/span><\/a><\/p>\n<div class=\"clearfix\" style=\"height: 20px\"><\/div><div class=\"clearfix\" style=\"height: 20px\"><\/div><div class=\"clearfix\" style=\"height: 20px\"><\/div>\n","protected":false},"excerpt":{"rendered":"<p>In Italia la maggior parte delle attivit\u00e0 di trapianto di Posidonia oceanica sono indicate, nell\u2019ambito della VIA, come misura di compensazione di danni causati alle praterie da opere e infrastrutture<\/p>\n","protected":false},"author":5,"featured_media":0,"parent":132,"menu_order":2,"comment_status":"closed","ping_status":"closed","template":"","meta":{"jetpack_post_was_ever_published":false,"footnotes":""},"class_list":["post-7108","page","type-page","status-publish","hentry"],"jetpack_sharing_enabled":true,"jetpack_shortlink":"https:\/\/wp.me\/P9BUJq-1QE","jetpack-related-posts":[{"id":7101,"url":"https:\/\/lifeseposso.eu\/?page_id=7101","url_meta":{"origin":7108,"position":0},"title":"Sosteniamo l\u2019attuazione delle Direttive Europee Ambientali","author":"lifeFB","date":"15 Marzo 2018","format":false,"excerpt":"La Politica Marittima Integrata (PMI) europea cerca di fornire un approccio pi\u00f9 coerente alle questioni marittime, con un maggiore coordinamento tra i diversi settori politici e i diversi attori coinvolti (stakeholders). La direttiva sulla Pianificazione dello Spazio Marittimo (MSP - 2014\/89\/CE) \u00e8 una delle principali azioni condotte dall'UE nel quadro\u2026","rel":"","context":"Articolo simile","block_context":{"text":"Articolo simile","link":""},"img":{"alt_text":"Europe flag","src":"https:\/\/i0.wp.com\/lifeseposso.eu\/wp-content\/uploads\/euflag.jpg?resize=350%2C200","width":350,"height":200},"classes":[]},{"id":10508,"url":"https:\/\/lifeseposso.eu\/?page_id=10508","url_meta":{"origin":7108,"position":1},"title":"Azione B.1.2: Dalla Governance all&#8217;efficacia del processo di VIA","author":"lifeFB","date":"24 Febbraio 2021","format":false,"excerpt":"Nell\u2019ambito del progetto SEPOSSO, l\u2019azione B1.2 prevedeva di realizzare una ricognizione di progetti sottoposti a VIA, che contenevano prescrizioni riguardanti interventi sull\u2019habitat prioritario 1120* (sensu Direttiva 92\/43\/CEE \"Habitat\" ) praterie di Posidonia oceanica ed eventuali operazioni di trapianto della stessa. La ricognizione \u00e8 stata effettuata utilizzando il database denominato I.De.A.\u2026","rel":"","context":"Articolo simile","block_context":{"text":"Articolo simile","link":""},"img":{"alt_text":"","src":"https:\/\/i0.wp.com\/lifeseposso.eu\/wp-content\/uploads\/DELIVERABLE_B.1.2_Basic_information_legislative_context.png?resize=350%2C200","width":350,"height":200},"classes":[]},{"id":10628,"url":"https:\/\/lifeseposso.eu\/?page_id=10628","url_meta":{"origin":7108,"position":2},"title":"Azione B.4: Corsi di formazione del progetto SEPOSSO","author":"lifeFB","date":"30 Marzo 2021","format":false,"excerpt":"I corsi di formazione sono mirati alla condivisione delle conoscenze e degli strumenti messi a punto per la gestione delle praterie di Posidonia oceanica nelle valutazioni ambientali. Le tematiche riguardano la condivisione di prodotti di progetto, come i manuali tecnici, le Linee Guida e la piattaforma web (Posidonia Transplanting Web\u2026","rel":"","context":"Articolo simile","block_context":{"text":"Articolo simile","link":""},"img":{"alt_text":"","src":"","width":0,"height":0},"classes":[]},{"id":11456,"url":"https:\/\/lifeseposso.eu\/?page_id=11456","url_meta":{"origin":7108,"position":3},"title":"Azione B.3 &#8211; Sviluppo piattaforma web &#8211; Posidonia Transplanting Web Platform (PTWP)","author":"lifeFB","date":"15 Aprile 2022","format":false,"excerpt":"Nell\u2019ambito dell\u2019azione B.3, \u201cElectronic systems to support transplanting governance\u201d, la cui finalit\u00e0 \u00e8 quella di sviluppare e implementare sistemi elettronici di facile utilizzo per supportare la governance dei trapianti, stimolando il flusso di dati e informazioni alle diverse parti interessate, \u00e8 stata realizzata la Posidonia Web Transplanting Platform (PTWP). La\u2026","rel":"","context":"Articolo simile","block_context":{"text":"Articolo simile","link":""},"img":{"alt_text":"Schema di flusso del processo di VIA in base alla normativa vigente: sono schematizzate le interazioni tra gli attori direttamente coinvolti nei processi decisionali in un modello che traccia i momenti principali dell\u2019iter che porta alla realizzazione dei trapianti di Posidonia oceanica come misura di compensazione","src":"https:\/\/i0.wp.com\/lifeseposso.eu\/wp-content\/uploads\/processosemplificato_OTTEMPERANZE-1024x338.png?resize=350%2C200","width":350,"height":200,"srcset":"https:\/\/i0.wp.com\/lifeseposso.eu\/wp-content\/uploads\/processosemplificato_OTTEMPERANZE-1024x338.png?resize=350%2C200 1x, https:\/\/i0.wp.com\/lifeseposso.eu\/wp-content\/uploads\/processosemplificato_OTTEMPERANZE-1024x338.png?resize=525%2C300 1.5x, https:\/\/i0.wp.com\/lifeseposso.eu\/wp-content\/uploads\/processosemplificato_OTTEMPERANZE-1024x338.png?resize=700%2C400 2x"},"classes":[]},{"id":7110,"url":"https:\/\/lifeseposso.eu\/?page_id=7110","url_meta":{"origin":7108,"position":4},"title":"Aumentiamo l\u2019efficienza della pianificazione e del controllo","author":"lifeFB","date":"15 Marzo 2018","format":false,"excerpt":"Ad oggi, i risultati ottenuti nell\u2019ambito dei trapianti di praterie sono stati a volte negativi e possono essere considerati ancora incerti, soprattutto se riferiti ad ampi settori di prateria e valutati alla scala temporale adeguata, ovvero a lungo termine. Il buon esito di un trapianto \u00e8 dovuto a molteplici fattori\u2026","rel":"","context":"Articolo simile","block_context":{"text":"Articolo simile","link":""},"img":{"alt_text":"port area","src":"https:\/\/i0.wp.com\/lifeseposso.eu\/wp-content\/uploads\/spot-inq04-e1518449287917-300x148.jpg?resize=350%2C200","width":350,"height":200},"classes":[]},{"id":7112,"url":"https:\/\/lifeseposso.eu\/?page_id=7112","url_meta":{"origin":7108,"position":5},"title":"Sviluppiamo buone pratiche replicabili nell\u2019intero bacino del Mediterraneo","author":"lifeFB","date":"15 Marzo 2018","format":false,"excerpt":"Le praterie di Posidonia oceanica costituiscono uno degli ecosistemi di maggior pregio ambientale dell\u2019ambiente marino costiero mediterraneo ma ad oggi sono in forte regressione maggiormente in prossimit\u00e0 dei grandi centri urbanizzati. In Mediterraneo sono diversi gli esempi di reimpianti di P. oceanica, quale misura di compensazione, realizzati, tuttavia, senza tenere\u2026","rel":"","context":"Articolo simile","block_context":{"text":"Articolo simile","link":""},"img":{"alt_text":"","src":"https:\/\/i0.wp.com\/lifeseposso.eu\/wp-content\/uploads\/Trapianto_manuale-300x200.jpg?resize=350%2C200","width":350,"height":200},"classes":[]}],"rttpg_featured_image_url":null,"rttpg_author":{"display_name":"lifeFB","author_link":"https:\/\/lifeseposso.eu\/?author=5"},"rttpg_comment":0,"rttpg_category":null,"rttpg_excerpt":"In Italia la maggior parte delle attivit\u00e0 di trapianto di Posidonia oceanica sono indicate, nell\u2019ambito della VIA, come misura di compensazione di danni causati alle praterie da opere e infrastrutture","_links":{"self":[{"href":"https:\/\/lifeseposso.eu\/index.php?rest_route=\/wp\/v2\/pages\/7108","targetHints":{"allow":["GET"]}}],"collection":[{"href":"https:\/\/lifeseposso.eu\/index.php?rest_route=\/wp\/v2\/pages"}],"about":[{"href":"https:\/\/lifeseposso.eu\/index.php?rest_route=\/wp\/v2\/types\/page"}],"author":[{"embeddable":true,"href":"https:\/\/lifeseposso.eu\/index.php?rest_route=\/wp\/v2\/users\/5"}],"replies":[{"embeddable":true,"href":"https:\/\/lifeseposso.eu\/index.php?rest_route=%2Fwp%2Fv2%2Fcomments&post=7108"}],"version-history":[{"count":18,"href":"https:\/\/lifeseposso.eu\/index.php?rest_route=\/wp\/v2\/pages\/7108\/revisions"}],"predecessor-version":[{"id":11746,"href":"https:\/\/lifeseposso.eu\/index.php?rest_route=\/wp\/v2\/pages\/7108\/revisions\/11746"}],"up":[{"embeddable":true,"href":"https:\/\/lifeseposso.eu\/index.php?rest_route=\/wp\/v2\/pages\/132"}],"wp:attachment":[{"href":"https:\/\/lifeseposso.eu\/index.php?rest_route=%2Fwp%2Fv2%2Fmedia&parent=7108"}],"curies":[{"name":"wp","href":"https:\/\/api.w.org\/{rel}","templated":true}]}}